1120100?
1001121220
In base 11, what is -7941 - 1?
-7942
In base 4, what is 20200210 + 22?
20200232
In base 15, what is -3cb + -147?
-523
In base 10, what is 15 + 11283?
11298
In base 16, what is 0 - 17bcd?
-17bcd
In base 14, what is 31866 + 2?
31868
In base 15, what is -1a1 - -8b?
-115
In base 8, what is -11 + 70127?
70116
In base 6, what is 431222 - -212?
431434
In base 5, what is 142400 + -2?
142343
In base 6, what is -13 - 4343?
-4400
In base 13, what is 127b7c - 4?
127b78
In base 5, what is -11 - -32130?
32114
In base 9, what is 2 - 3208?
-3206
In base 11, what is -14a9 - 9?
-1507
In base 7, what is -21 + 140135?
140114
In base 16, what is -7c1 - -73?
-74e
In base 4, what is 12 + -231311?
-231233
In base 6, what is 50 + -40550?
-40500
In base 13, what is -1649 + -1?
-164a
In base 10, what is -1 + -6778?
-6779
In base 7, what is -10 - 10034?
-10044
In base 8, what is 22300 - 5?
22273
In base 14, what is -4 + b59d?
b599
In base 11, what is -327652 - 2?
-327654
In base 8, what is 11675 - 31?
11644
In base 13, what is 1 + 69996?
69997
In base 11, what is -508 - -468?
-50
In base 8, what is -10137 + -146?
-10305
In base 16, what is 1e3a6 + -4?
1e3a2
In base 3, what is 202 - 110112111?
-110111202
In base 15, what is 4e505 + 7?
4e50c
In base 11, what is 11 + -3a56?
-3a45
In base 15, what is 2ecb + -6?
2ec5
In base 12, what is -15 - -a21?
a08
In base 16, what is -2dc931 + 3?
-2dc92e
In base 2, what is 11 + 100110010010001?
100110010010100
In base 8, what is 434137 + -2?
434135
In base 7, what is -21 - -1532356?
1532335
In base 2, what is 10010101100100 + -11?
10010101100001
In base 2, what is -10001100000011 - -1000001?
-10001011000010
In base 16, what is -fb - 1b1?
-2ac
In base 14, what is -5 - -13058?
13053
In base 15, what is 5 + ca438?
ca43d
In base 12, what is 50 + -98?
-48
In base 4, what is 1 + 20023023?
20023030
In base 6, what is 4 - -334503?
334511
In base 9, what is 2 + -7015?
-7013
In base 15, what is -141 + -5de?
-730
In base 16, what is -1 - -189431?
189430
In base 11, what is -111 - 6a?
-180
In base 16, what is 4 + a3aa?
a3ae
In base 8, what is -102 - -406?
304
In base 2, what is -1 + -10000111101001?
-10000111101010
In base 11, what is -7310 - -4?
-7307
In base 10, what is 1360 + 16?
1376
In base 4, what is 22101 + 12030?
100131
In base 16, what is 22e - -3d0?
5fe
In base 12, what is 65179 + 12?
6518b
In base 5, what is -3031 - -1411?
-1120
In base 5, what is -30423111 - -41?
-30423020
In base 14, what is 158c + -c8?
14a4
In base 2, what is -1001011111100011 + -10?
-1001011111100101
In base 10, what is -3 + 462575?
462572
In base 11, what is a - -1151?
1160
In base 4, what is 103 + -22321?
-22212
In base 3, what is -10102110112 + 2?
-10102110110
In base 6, what is 34 + -2312101?
-2312023
In base 15, what is -b30 + -4d8?
-1118
In base 8, what is -1 + -1020467?
-1020470
In base 3, what is 2211201002 + 101?
2211201110
In base 8, what is -11 + -3041?
-3052
In base 15, what is -d6c + -bb?
-e38
In base 11, what is -2943 + a9?
-2845
In base 7, what is 31503261 - 3?
31503255
In base 13, what is 6c - 3?
69
In base 16, what is -27 - 298e?
-29b5
In base 3, what is -10122011 - -1011220?
-2110021
In base 14, what is 41 + 414?
455
In base 11, what is -48 - -76143?
760a6
In base 15, what is 29d5d + -4?
29d59
In base 6, what is 31 + 1131240?
1131311
In base 6, what is 1 - -1035545?
1035550
In base 3, what is 2 - -210011220?
210011222
In base 10, what is -1182 - 546?
-1728
In base 9, what is -304534 - -4?
-304530
In base 7, what is -10440534 + 4?
-10440530
In base 3, what is -1 - -222111011112?
222111011111
In base 8, what is 324223 - -3?
324226
In base 14, what is 146 + da9?
1111
In base 7, what is 14146515 + -2?
14146513
In base 5, what is 213 + 323?
1041
In base 4, what is 1131 + 3213?
11010
In base 3, what is -10021 - 2212021200?
-2212101221
In base 9, what is 111 + 563?
674
In base 10, what is 124 - 1981?
-1857
In base 3, what is -1 + 110020101?
110020100
In base 11, what is 1 + -11223?
-11222
In base 11, what is -9a3 + 4?
-99a
In base 15, what is 8 - 81a9?
-81a1
In base 5, what is -124202010 + 10?
-124202000
In base 6, what is 205 - 1025?
-420
In base 7, what is -5020360 - 2?
-5020362
In base 2, what is 101011010101 - -1010101?
101100101010
In base 4, what is 1130031 - -3?
1130100
In base 4, what is -222021303 - 300?
-222022203
In base 5, what is 3 + 1323114?
1323122
In base 7, what is 32 + -1142?
-1110
In base 5, what is 1314421 + -2?
1314414
In base 15, what is -26 - 98c2?
-98e8
In base 14, what is -27 - -54a?
523
In base 12, what is 868a + -2?
8688
In base 10, what is 29055 - 1?
29054
In base 16, what is 2e + -a0c?
-9de
In base 2, what is 111 - 1010010010100111?
-1010010010100000
In base 6, what is 202 + 5311?
5513
In base 13, what is 10 - -38243?
38253
In base 11, what is -3 + -a083?
-a086
In base 16, what is -30253 + -4?
-30257
In base 11, what is 147654 - -5?
147659
In base 12, what is 970 + -1?
96b
In base 5, what is -20 + -402003?
-402023
In base 6, what is -2 - -214010?
214004
In base 3, what is 21 + 2021000?
2021021
In base 3, what is 11122001 - 0?
11122001
In base 4, what is -21210331 - 0?
-21210331
In base 5, what is 2023 - 32?
1441
In base 15, what is 4cb + cd?
5a9
In base 12, what is 9 - -498?
4a5
In base 3, what is 1 - -111020112?
111020120
In base 16, what is -32 + -3cc?
-3fe
In base 6, what is 11143 - -3105?
14252
In base 9, what is -28 - -20644?
20615
In base 14, what is 17369 + -5?
17364
In base 2, what is 101001110111010 - 1000?
101001110110010
In base 4, what is -112022222 + 2?
-112022220
In base 7, what is 4124 - 3134?
660
In base 11, what is -712 + 2a3?
-41a
In base 6, what is -1 - 13355124?
-13355125
In base 12, what is -a86 - -15b?
-927
In base 2, what is 11000100011010 + -100?
11000100010110
In base 8, what is 5 - -7055?
7062
In base 10, what is -1514 + 5?
-1509
In base 10, what is -595478 - 0?
-595478
In base 6, what is -1 - -121341?
121340
In base 2, what is -1010 + 11111100110?
11111011100
In base 10, what is 388 - -158?
546
In base 13, what is 255 + 42?
297
In base 8, what is -207 + 23177?
22770
In base 11, what is 5 - 35060?
-35056
In base 15, what is 33 - b?
27
In base 7, what is -3032 - -326?
-2403
In base 14, what is 5b80 - 0?
5b80
In base 12, what is -4 + -3808?
-3810
In base 4, what is 111 + -212313?
-212202
In base 10, what is -3 + -343952?
-343955
In base 9, what is 274586 - 0?
274586
In base 6, what is -152 - -504412?
504220
In base 2, what is -11 + -10001101010101011?
-10001101010101110
In base 5, what is 3310 - -102113?
110423
In base 9, what is 244652 + 5?
244657
In base 10, what is -49 - 1352?
-1401
In base 10, what is 300597 - 5?
300592
In base 15, what is 12 - a4c?
-a3a
In base 12, what is 3 - -152a16?
152a19
In base 10, what is -16 + -128?
-144
In base 14, what is 73 - 2a0?
-22b
In base 11, what is -1 + -10085?
-10086
In base 8, what is 53574 + -6?
53566
In base 13, what is ba0c - -c?
ba1b
In base 14, what is 7547 + 3?
754a
In base 15, what is -5 - 728e5?
-728ea
In base 10, what is -10063 + 1?
-10062
In base 14, what is -32c - 11a?
-448
In base 2, what is 101001 - -1010111001011?
1010111110100
In base 15, what is -14 - 942?
-956
In base 3, what is 1211202020 - 12?
1211202001
In base 14, what is 181b5 + 1?
181b6
In base 3, what is -11 - 10210002010?
-10210002021
In base 8, what is -5767 - -21?
-5746
In base 12, what is 3 + 2a8400?
2a8403
In base 16, what is 863 + -67?
7fc
In base 7, what is 324240 - 3?
324234
In base 5, what is 1232013 - 2?
1232011
In base 8, what is -3 + 4232526?
4232523
In base 5, what is -233 + 1334302?
1334014
In base 16, what is -2d25 - f?
-2d34
In base 4, what is 30 - -3213?
3303
In base 12, what is -1067 + -17?
-1082
In base 15, what is 6 + -a5b8?
-a5b2
In base 9, what is 1 + -17266?
-17265
In base 3, what is 120022010 + -1102?
120020201
In base 16, what is 6 - -36ce?
36d4
In base 7, what is 135 - 126232?
-126064
In base 3, what is -102111000 - 200000?
-110011000
In base 14, what is 85 - 3330?
-3289
In base 2, what is -11010011111110111 + 111?
-11010011111110000
In base 16, what is -25661 + 3?
-2565e
In base 13, what is -15013 - -b8?
-14c28
In base 6, what is -4430310 + 4?
-4430302
In base 9, what is -2 + -1500611?
-1500613
In base 12, what is -5 + 1b0a8?
1b0a3
In base